t i(b) = 27*b**3 - 3*b**2 - 12*b - 14*b**3 + 25*b + 5*b**3 - 10*b. What is the remainder when z is divided by i(1)?
16
Let a(g) = -162 - 6*g + 120 - 103. Calculate the remainder when 80 is divided by a(-29).
22
Let h(p) = 2 - 5 - 1 - 27*p**2 - 17*p + 10*p**2 - p**3. Let v be h(-16). What is the remainder when 1035/20 + (15/v - 1) is divided by 20?
12
Let p(s) = s**3 - 25*s**2 - 83*s - 5. Let h be ((-63)/(-12))/((-33)/(-176)). What is the remainder when p(h) is divided by ((-25)/(-15))/(1/3)?
3
Let j(m) = 2*m**2 - 3*m - 10. Let k(n) = 5*n**2 - 33*n - 29. What is the remainder when j(9) is divided by k(-1)?
8
Suppose 4*t - 328*s + 330*s - 202 = 0, -5*t + 255 = 2*s. What is the remainder when 461 is divided by t?
37
Calculate the remainder when 274 is divided by (2*((-12)/4 - -4))/((-8)/(-100)).
24
Let u(s) = -s**3 + 33*s**2 + 33*s + 32. Let i be u(34). What is the remainder when 444/(-4 - 0)*i/6 is divided by 15?
7
Calculate the remainder when 301 is divided by ((-711)/30 + (-5)/25*4)*-2.
7
Let s(r) = 2*r**2 + 37*r + 13. Let k be 35/15 - 1/3. Suppose y = 4*m + 8, -k*m - 34 = 3*y - 6*y. What is the remainder when s(-19) is divided by y?
8
Suppose -3*c + 3*t = -294, -22*t + 20 = -17*t. What is the remainder when 934 is divided by c?
16
Suppose 0 = -4*y - 8, 3*m + 13*y = 11*y + 383. What is the remainder when 503 is divided by m?
116
Let c(k) = -23*k**2 - 8*k + 15. Let v be c(-7). Let s = -1019 - v. What is the remainder when s is divided by 5?
2
Let v = -75 + 112. Suppose -24987 = -118*a - 3393. Calculate the remainder when a is divided by v.
35
Suppose -2539 = 454*n - 10711. What is the remainder when 1586 is divided by n?
2
Suppose 15*u - 18*u = -o + 231, -3*u - 960 = -4*o. What is the remainder when o is divided by 81?
0
Let s = 285 - 283. Let t = 70 + -28. What is the remainder when ((-210)/(-315))/((s/(-501))/(-1)) is divided by t?
41
Suppose -11*w + 2*a = -7*w - 922, -4*a + 416 = 2*w. What is the remainder when 765 is divided by w?
87
Let i(h) = -40*h + 336. Calculate the remainder when 511 is divided by i(8).
15
What is the remainder when (72/32*-30)/(4/(-16)) is divided by 17?
15
Let z(x) = x**3 - 45*x**2 - 425*x + 106. What is the remainder when 53 is divided by z(53)?
0
Let m(j) = 6*j**2 + 41*j + 17. What is the remainder when 36 is divided by m(-7)?
12
Calculate the remainder when 389 is divided by (12 - 2 - 11)*-1*5 + 113.
35
Suppose -4*u + 2*r + 14 = -0*u, -3*u + 4*r = -13. Suppose 2*n + 2*s - 74 = 0, 7*s - u*s = -5*n + 183. Calculate the remainder when 104 is divided by n.
34
Let o(v) = v**2 + 5*v + 9. Suppose -18 = 2*u + 5*y + 5, 5*u + 4*y = -32. Suppose 2*t - 51 = -t. Calculate the remainder when t is divided by o(u).
2
Suppose 112805 - 101880 = 23*c. What is the remainder when c is divided by 201?
73
Suppose -24*t + 2739 = -5956 - 353. Calculate the remainder when 1103 is divided by t.
349
Suppose 2*x + 3*v + 69 = 85, -6*v = 5*x - 49. Calculate the remainder when 487 is divided by x.
11
Let s = 24 - 19. Let l = 59 + -63. What is the remainder when (4 - (-4 - l)) + 10 is divided by s?
4
Let v = 136 + -56. Let f(i) = i**3 + 5*i**2 - 170*i - 808. Calculate the remainder when v is divided by f(-5).
38
Suppose -9*x + 13*x - 2*i = 458, 4*x + i - 443 = 0. Calculate the remainder when 213 is divided by x.
101
Let d = 23 - -101. Suppose -11*c + 10*c = -d. What is the remainder when 11 is divided by 3/(-15) - c/(-20)?
5
Let s(m) = m**2 - 5*m + 1. Let k = -128 - -131. Let n(d) = 12*d + 5. What is the remainder when n(k) is divided by s(7)?
11
Let u = -415 - -433. Let x(s) = -s**2 + 11*s + 174. What is the remainder when 139 is divided by x(u)?
43
Suppose a - 3 = 0, -6*a = -5*h - 11*a + 22395. Calculate the remainder when h is divided by 224.
220
Suppose -17*v + 8*v = 2997. Let a = -306 - v. Calculate the remainder when 402 is divided by a.
24
Let k(d) = -d - 40. Let a be k(-45). Suppose a*u = 7*u - 90. What is the remainder when u is divided by 29?
16
Let s = -1479 - -1509. Calculate the remainder when 987 is divided by s.
27
Let n = -335 - -753. Let w = -412 + n. Suppose -4*t + 88 = -2*c, 17 = 4*t - c - 69. Calculate the remainder when t is divided by w.
3
Let j = -19458 + 24700. What is the remainder when j is divided by 9?
4
Let x(d) = -d**3 + 32*d**2 - 101*d + 133. What is the remainder when x(26) is divided by 388?
11
Suppose 3*x = 3*v - 27, 18 + 2 = -5*x. Suppose h - 171 = -k, -v*h + 0*h + k = -843. Let g = h + -119. Calculate the remainder when g is divided by 9.
5
Suppose 13566 = -43*i + 38033. Calculate the remainder when i is divided by 143.
140
Suppose 5*t - 1531 = 4*y, 913 = 169*t - 166*t - y. Calculate the remainder when t is divided by 112.
79
Let q(x) = x**3 + 47*x**2 + 430*x + 17686. Calculate the remainder when q(-46) is divided by (-39)/(-3) - (0 - -1).
10
Suppose 4*a = 8*h - 4*h + 4, 1 = -3*h + 5*a. Let x = 22 + -1. Calculate the remainder when (-15 + 8 + 5)/(h/81) is divided by x.
18
Calculate the remainder when (-4)/16 + 6/24 - -83 is divided by 43.
40
Let t(h) = -59*h - 3. What is the remainder when t(-4) is divided by (-328)/(-41)*47*4/32?
45
Let b(u) = -6*u + 8. Let j be b(7). Let d = j + 74. Suppose 600*z + 164*z - 15719 = -665*z. What is the remainder when d is divided by z?
7
Calculate the remainder when 1551 is divided by (254/(-6))/(5/(-9)) + (-140)/(-175).
11
Let f(q) = 27*q**2 - 59*q + 13. Let c(k) = -14*k**2 + 30*k - 4. Let r(t) = 11*c(t) + 6*f(t). Calculate the remainder when r(6) is divided by -20*(-1 + 2/(-4)).
28
Suppose -31*r - 57*r + 1380 = -58*r. Calculate the remainder when 82 is divided by r.
36
Let i be (-3)/((-153)/(-162) + (-1 - 0)). Calculate the remainder when -28 - -27 - (0 - i) is divided by 346/18 + 6/(-27).
15
Let x(m) = -284*m - 12 + 572*m - 287*m. What is the remainder when 197 is divided by x(32)?
17
Let p(m) = -26*m - 217. Calculate the remainder when p(-32) is divided by 25.
15
Let u(l) = -42*l + 1. What is the remainder when u(-3) is divided by 16/14*(-35)/15*3588/(-368)?
23
Let j = 132 - 129. Suppose l - 47 = -j*f, 19 = 5*f - 1. Calculate the remainder when 136 is divided by l.
31
Suppose 0 = 3*l - u, 1531 = -2*l + 5*u + 1505. Calculate the remainder when ((-4)/3)/(2/(-93)) is divided by l.
0
Let x(v) = -7*v + 8. Let l(f) = -f**2 - 344*f - 2673. Calculate the remainder when x(-7) is divided by l(-8).
12
Let f(k) = 1652*k + 15131. Calculate the remainder when 317 is divided by f(-9).
54
Suppose -5*r = -3*q - 549, 5*q + 30 = 4*r - 404. What is the remainder when 563 is divided by r?
8
Let g = 36046 + -35196. What is the remainder when g is divided by 419?
12
Let f = -69625 + 69632. Let t(z) = 23*z. Calculate the remainder when t(1) is divided by f.
2
Suppose -m + 1 - 13 = 4*q, -q - 3 = -4*m. Let a = q + 12. Suppose 5*u - 4*u - 27 = -5*v, 4*u + 3*v - 40 = 0. Calculate the remainder when a is divided by u.
2
Suppose -38*i + 34*i - 24 = 0. Let x be 476/(-36) + i/(-27). Let r(v) = -v + 7. What is the remainder when r(x) is divided by 8?
4
Let p = -11 + 34. Let d(z) = -5*z**2 + 5*z - 8. Let c(b) = 4*b**2 - 5*b + 9. Let n(f) = 4*c(f) + 3*d(f). Calculate the remainder when p is divided by n(0).
11
Let c(f) = 5*f + 2. Let b be c(19). Calculate the remainder when b - 2/((10 + -4)/3) is divided by 49.
47
Suppose -z - 29 = -24. Let k be ((-17)/(-5))/((-21)/z + -4). Calculate the remainder when k - (1 + 2*3/(-6)) is divided by 7.
3
Suppose 285 - 77 = 4*v. Let p = -25 + v. What is the remainder when p is divided by 4?
3
Let i(z) = 6*z + 116. Let c be i(-19). Suppose c*x - 78 = -2*s, -29*x + 30*x - 45 = 2*s. Calculate the remainder when 78 is divided by x.
37
Let w(a) = -63*a + 1726. Calculate the remainder when w(17) is divided by 12.
7
Suppose -48*v - 2345 = -6665. What is the remainder when 1979 is divided by v?
89
Let h(f) = -f**2 + 30*f - 209. Let p be h(16). Let c(m) = -2*m**2 + 30*m + 20. Let v = -128 + 203. Calculate the remainder when v is divided by c(p).
15
What is the remainder when 4 + (-68)/18 - (-17808)/54 is divided by 94?
48
What is the remainder when 1088 is divided by 37*156/16 + 2*(-21)/56?
8
Suppose -2282 = -5*s + 4*q, 21*s - 17*s - 1831 = 5*q. Calculate the remainder when s is divided by 86.
24
Suppose 0 = 172*l + 7872 - 51722 - 67434. What is the remainder when l is divided